 = t + -1078. List the prime factors of q.
2, 307
Suppose -3*q = -c + 21693, 391*c - 388*c - 65099 = 4*q. What are the prime factors of c?
3, 5, 1447
Suppose -3*o + 9 = 2*s, -13 - 6 = -5*o - 2*s. Suppose o*d - 536 = 434. List the prime factors of d.
2, 97
Let k be (-16 - (-35)/5) + (-4 - 1). Let s(m) = m**2 + 11*m - 5. What are the prime factors of s(k)?
37
Suppose 2*j + 16*y - 16 = 12*y, 2*j - 4*y - 56 = 0. What are the prime factors of j + 160 - (2 - -2)?
2, 3, 29
Suppose -17471 + 215823 = -64*j + 71*j. What are the prime factors of j?
2, 7, 11, 23
Suppose 3*m + 3*d - 235 = -16, -3 = -d. List the prime factors of 4/(-10) - (-21168)/m.
2, 151
Let h(l) = 79*l - 9. Let s = 7 + -2. Let z be h(s). Suppose 6*u - 5*u - 3*x - 100 = 0, -z = -4*u + 5*x. List the prime factors of u.
2, 47
Suppose -14*s - 17491 + 75507 = 0. List the prime factors of s.
2, 7, 37
Let u(f) = -37 + 14*f - 3*f + 21*f. Suppose 0 = 8*p - 6*p - 14. What are the prime factors of u(p)?
11, 17
Suppose 5*m + 8*n = 3*n + 50, 2*n = 3*m - 50. List the prime factors of m/6 + -1 + 1490/3.
2, 3, 83
Let p = 494 + -502. What are the prime factors of ((-4090)/p + 1)*(-8)/(-6)?
683
Suppose b - 21 = 73. Let n = 231 - 188. Let s = b - n. What are the prime factors of s?
3, 17
Let t(j) = j + 7. Let a be t(3). Suppose 0 = -4*y + 3*o - 2 - 4, a = y + 5*o. Suppose -112 = -4*l - y*l. What are the prime factors of l?
2, 7
Suppose -121*t + 125*t = 11420. Let l = t - 1245. What are the prime factors of l?
2, 5, 7, 23
Let p = 29 + -26. Suppose 314 = 2*q + p*u, -3*u - 101 = -q + 47. What are the prime factors of q?
2, 7, 11
Suppose 5*g + 19*n - 18*n - 318024 = 0, -127188 = -2*g + 2*n. What are the prime factors of g?
3, 37, 191
Suppose -7*n + 158860 - 32508 = -121504. What are the prime factors of n?
2, 2213
Let h = -144 + 149. Suppose -40 = -5*s - h*u, -2 = -2*s + u + 2. What are the prime factors of s?
2
Suppose 0 = -5*t + 7*x + 103567 + 59779, x = t - 32672. List the prime factors of t.
3, 3631
Suppose 42 = 8*n - 30. Let b(w) = 3*w - 21. Let m be b(n). Suppose -5*y - 240 = -5*l, -l + 3*y - m*y = -60. List the prime factors of l.
3, 17
List the prime factors of ((-40)/(-36))/1 + (-2086866)/(-162).
13, 991
List the prime factors of (6124/5)/((-15)/(-3750)*20).
2, 5, 1531
Let o(j) = 2*j - 14. Let h = 65 - 58. Let d be o(h). What are the prime factors of d*(-1)/2 + 52?
2, 13
Let i = 23692 - 10350. What are the prime factors of i?
2, 7, 953
Suppose 5*t + 8*z - 22395 = 11*z, t + 3*z - 4479 = 0. What are the prime factors of t?
3, 1493
Let i = 18337 - 1865. What are the prime factors of i?
2, 29, 71
Suppose x = -1, 0 = 4*a - 0*x + 3*x - 2069. Let r = 105 + a. List the prime factors of r.
7, 89
Suppose -4*g - 2*x + 350 = -654, -5*x + 1245 = 5*g. What are the prime factors of g?
11, 23
Suppose 10*d = 8*d + 4. Suppose -d*x + 22 = o, 10*x - 5*x + 170 = 5*o. Let c = o - 14. What are the prime factors of c?
2
Suppose 0 = j + 4*l - 777, 0 = -j + 5*j + l - 3123. What are the prime factors of j?
11, 71
Suppose 309*q + 107965 = 320*q. List the prime factors of q.
5, 13, 151
Let s(p) = -p**2 - 24*p - 20. Let b be s(-21). Suppose -c = -t + 4*t + b, -2*t - c - 27 = 0. List the prime factors of t/40 - (-672)/5.
2, 67
Suppose 5*f + 17 - 2 = 0. Let u be (88/(-6))/(1/f). Suppose u + 4 = 2*t. List the prime factors of t.
2, 3
Let p(h) = 2*h**3 + h**2 + h + 11. Let c be p(0). Let t be ((-3 + c)/4)/(4/16). Suppose 564 = t*f - 660. What are the prime factors of f?
3, 17
Suppose -7691 = 23*r - 87685. Suppose r = -95*x + 97*x. List the prime factors of x.
37, 47
Suppose -4*r - r - 77*r = -470516. List the prime factors of r.
2, 19, 151
Let k(t) = -t**3 - t**2 + 3*t + 5. Let h be k(-2). Suppose 3 = -4*f - 1, f = -h*u + 11. Suppose u*o = 78 + 42. What are the prime factors of o?
2, 3, 5
Let c(b) = -12*b**3 + 17*b**2 - 104*b - 1124. List the prime factors of c(-14).
2, 2287
Let r(i) = -5*i - 292. Let j be r(13). Let k = j - -597. What are the prime factors of k?
2, 3, 5
Suppose -13*c - 2*o = -10*c - 26274, 3*o + 17529 = 2*c. What are the prime factors of c?
2, 3, 5, 73
Let m = 171 - 167. Suppose -m*s + 1650 = s. What are the prime factors of s?
2, 3, 5, 11
Let x = 121 - -5830. What are the prime factors of x?
11, 541
Suppose g - 8294 - 9467 = -j, 35523 = 2*g + j. What are the prime factors of g?
2, 83, 107
Let f be ((-57)/(-152) + (-3)/8)/2. Let s(b) = -b**2 + 7*b + 884. List the prime factors of s(f).
2, 13, 17
Let g(i) = i**3 - 18*i**2 + 54*i + 122. What are the prime factors of g(26)?
2, 3467
Let y = -59 - -16. Let a be 108 + -3 + (-30)/(-5). Let q = a - y. What are the prime factors of q?
2, 7, 11
Suppose -6*u = -16*u + 64910. What are the prime factors of u?
6491
Suppose 0 = 8*q - 3*q - 15. Suppose 1752 = 5*c - h - q*h, 0 = 5*h + 15. List the prime factors of c.
2, 3, 29
Suppose 2*y = 3*g + 32, -2*y = -7*y - 5*g + 130. Suppose 21*v - 10*v = y. List the prime factors of 23 + -22 + v*16*3.
97
Suppose 0*p = 3*p - 6. Let d be (-3)/(-4) + (20/16 - p). Suppose d = -2*q + 53 + 25. List the prime factors of q.
3, 13
Suppose -4373 = -2*h + 2895. What are the prime factors of h?
2, 23, 79
Let z = 12799 + -7793. What are the prime factors of z?
2, 2503
What are the prime factors of (180025/50)/(11/44)?
2, 19, 379
Suppose -4*o = o - 930. Suppose 0 = -4*d, 6*u = u + 3*d + 647 - 187. Let c = o - u. What are the prime factors of c?
2, 47
Suppose -3*h - 64248 = -3*z, 2*h + 0*h - 85712 = -4*z. What are the prime factors of z?
2, 13, 103
Suppose 4*m + 29 = 37. Suppose 4*o - 30 = m. Suppose 298 = 2*w + o. List the prime factors of w.
5, 29
Let g be 8/5 + 4/10. Suppose -8*q + 12 = -g*q. Suppose 0 = -q*n + n - 5, 4*d - 2*n = 170. List the prime factors of d.
2, 5
Suppose -2*h + c = -27, 3*c - 45 = -4*h + 8*c. Suppose 1274 - 4184 = -h*g. Let p = g - 98. What are the prime factors of p?
2, 3
Suppose 2*q = 303 - 297. List the prime factors of (-58641)/(-99) + (2/q - 1).
2, 37
Let w be (-21)/(-1)*(-3 + -7). Let r = w + 369. Let b = -81 + r. List the prime factors of b.
2, 3, 13
Let p = 54 - 32. Suppose 2295 = -21*r - 24*r. Let w = p - r. List the prime factors of w.
73
Let g be 32/5 - (-56)/(-140). Suppose -g*o - 1144 = -10*o. What are the prime factors of o?
2, 11, 13
Let t(x) = -37*x - 35. Let a be t(-1). Suppose a*j = -c + 823, -4*c = -6*c + j + 1666. What are the prime factors of c?
3, 277
Let h(p) = 70*p + 1. Let g be h(-5). List the prime factors of (-25 - -27)/((-2)/g).
349
Let l = 142267 + -47305. What are the prime factors of l/66 + (-6)/(-33)?
1439
Let x = -17162 - -27181. What are the prime factors of x?
43, 233
Let y(i) = -2*i**3 + 7*i**2 + 16*i + 9. Let t be y(8). Let g be 1/((0 - 1)/t). Let h = g + -286. List the prime factors of h.
3, 17
Suppose 3*i + 1593 = f, f + i - 1593 = 2*i. Suppose 4*v - 2*q - f = 249, 5*v + 3*q - 2308 = 0. What are the prime factors of v?
461
Let z = 7576 - -329. What are the prime factors of z?
3, 5, 17, 31
Let g = 114599 + -60121. List the prime factors of g.
2, 27239
Let i = 91069 + -59326. What are the prime factors of i?
3, 3527
Suppose 5*o - 4*c - 54759 = 0, -4*o + 43800 = 17*c - 13*c. List the prime factors of o.
47, 233
Suppose 0 = -3*o - 4*x - 4, 5*o + 7*x - 4*x = 8. Suppose -5*c - 5 = -d + o, -3*d + 5*c = -7. What are the prime factors of 56 + d + (-1 - -2) + 2?
2, 29
Let l(h) = 10*h**2 - 3*h - 3. Let y be l(-1). Suppose -y*i + 12*i = 984. What are the prime factors of i?
2, 3, 41
Let r(u) = -1445*u - 26. Let j be r(-1). What are the prime factors of j/2 + (-57)/(-38)?
3, 79
Let l be 76/(-57) - ((-458)/6 - 0). Suppose -77*t + l*t = 24. List the prime factors of 116/3*9/t*-2.
2, 29
Let w = 80 + -78. Suppose 37 = w*u + 33. List the prime factors of -366*1/u*-1.
3, 61
Suppose 0 = 3*b - 7*b + 20, -4*b = -3*u - 692. Let c = -194 - u. List the prime factors of c.
2, 3, 5
Let o = 1126 + -819. List the prime factors of o.
307
Let p(q) be the third derivative of q**6/30 - q**4/6 + q**3/6 + 31*q**2. Let l be p(2). Suppose 22*s + 297 = l*s. What are the prime factors of s?
3, 11
Let g(d) = -9*d + 120. Let y be g(13). Suppose -f - 10*v + 6*v = -517, 0 = -y*v + 12. List the prime factors of f.
3, 167
Let q = -39151 - -66654. What are the prime factors of q?
7, 3929
Let w(a) = -a**3 - 2*a**2 + 7*a - 1. Let p be 